e prime factors of 703669.
31, 22699
What are the prime factors of 1167713?
17, 149, 461
List the prime factors of 1603159.
1603159
What are the prime factors of 3167244?
2, 3, 97, 907
List the prime factors of 942120.
2, 3, 5, 2617
What are the prime factors of 504876?
2, 3, 42073
List the prime factors of 4046109.
3, 29, 46507
What are the prime factors of 608726?
2, 304363
What are the prime factors of 1817702?
2, 908851
List the prime factors of 176975.
5, 7079
List the prime factors of 2458371.
3, 819457
What are the prime factors of 3186282?
2, 3, 11, 23, 2099
What are the prime factors of 1383741?
3, 153749
List the prime factors of 1517375.
5, 61, 199
List the prime factors of 117665.
5, 101, 233
List the prime factors of 33866.
2, 7, 41, 59
List the prime factors of 108506.
2, 227, 239
What are the prime factors of 15344309?
15344309
List the prime factors of 232360.
2, 5, 37, 157
What are the prime factors of 8715918?
2, 3, 1452653
List the prime factors of 1481473.
7, 211639
List the prime factors of 6759983.
6759983
What are the prime factors of 5903143?
5903143
What are the prime factors of 636193?
636193
List the prime factors of 19565602.
2, 7, 43, 4643
What are the prime factors of 518950?
2, 5, 97, 107
What are the prime factors of 3366017?
17, 389, 509
What are the prime factors of 427027?
113, 3779
List the prime factors of 3972608.
2, 7759
What are the prime factors of 2115426?
2, 3, 271, 1301
List the prime factors of 1980710.
2, 5, 41, 4831
What are the prime factors of 152261?
107, 1423
List the prime factors of 6965866.
2, 421, 8273
What are the prime factors of 208335?
3, 5, 17, 19, 43
List the prime factors of 148927.
148927
List the prime factors of 124728.
2, 3, 5197
What are the prime factors of 1470285?
3, 5, 10891
List the prime factors of 10648.
2, 11
What are the prime factors of 184470?
2, 3, 5, 11, 13, 43
List the prime factors of 3201961.
7, 103, 4441
What are the prime factors of 2838329?
13, 31, 7043
What are the prime factors of 16647122?
2, 1193, 6977
What are the prime factors of 711782?
2, 355891
What are the prime factors of 4632887?
7, 113, 5857
What are the prime factors of 137923?
107, 1289
List the prime factors of 244894.
2, 13, 9419
List the prime factors of 383161.
619
List the prime factors of 2106544.
2, 11, 11969
List the prime factors of 299111.
113, 2647
List the prime factors of 4645801.
4645801
What are the prime factors of 261014?
2, 13, 10039
List the prime factors of 644331.
3, 397, 541
List the prime factors of 1619944.
2, 202493
What are the prime factors of 714882?
2, 3, 7, 17021
What are the prime factors of 2289256?
2, 67, 4271
List the prime factors of 2926835.
5, 585367
What are the prime factors of 2567375?
5, 19, 23, 47
List the prime factors of 771924.
2, 3, 64327
What are the prime factors of 1028172?
2, 3, 47, 1823
What are the prime factors of 172035?
3, 5, 3823
What are the prime factors of 211819?
191, 1109
What are the prime factors of 213502?
2, 106751
List the prime factors of 573229.
23, 24923
What are the prime factors of 184600?
2, 5, 13, 71
List the prime factors of 324259.
13, 24943
List the prime factors of 214428.
2, 3, 107, 167
List the prime factors of 4411726.
2, 11, 127, 1579
List the prime factors of 4447162.
2, 2223581
List the prime factors of 26089.
7, 3727
What are the prime factors of 29305?
5, 5861
What are the prime factors of 1477874?
2, 738937
What are the prime factors of 912158?
2, 13, 35083
List the prime factors of 2781693.
3, 17, 18181
List the prime factors of 262890.
2, 3, 5, 23, 127
List the prime factors of 267984.
2, 3, 1861
What are the prime factors of 2069368?
2, 7, 5279
List the prime factors of 217116.
2, 3, 37, 163
What are the prime factors of 1547567?
7, 31583
List the prime factors of 1657975.
5, 11, 6029
List the prime factors of 170720.
2, 5, 11, 97
What are the prime factors of 1218781?
17, 71693
What are the prime factors of 26847046?
2, 17, 41, 19259
List the prime factors of 4972199.
4972199
List the prime factors of 332087.
7, 47441
What are the prime factors of 32709?
3, 10903
What are the prime factors of 2613679?
2613679
List the prime factors of 2119860.
2, 3, 5, 11777
What are the prime factors of 3452215?
5, 13, 173, 307
List the prime factors of 5163217.
73, 70729
List the prime factors of 1012499.
59, 131
List the prime factors of 3108404.
2, 13, 23, 113
What are the prime factors of 1895311?
11, 43, 4007
What are the prime factors of 2711276?
2, 277, 2447
List the prime factors of 615616.
2, 9619
List the prime factors of 3845826.
2, 3, 229, 311
List the prime factors of 41710.
2, 5, 43, 97
List the prime factors of 12143640.
2, 3, 5, 101197
What are the prime factors of 920456?
2, 115057
What are the prime factors of 313108?
2, 78277
List the prime factors of 8442981.
3, 312703
What are the prime factors of 321581?
13, 29, 853
What are the prime factors of 66334?
2, 17, 1951
What are the prime factors of 111223?
7, 15889
List the prime factors of 772228.
2, 193057
List the prime factors of 10911064.
2, 1363883
List the prime factors of 694858.
2, 17, 107, 191
What are the prime factors of 12251101?
17, 720653
List the prime factors of 103951.
103951
What are the prime factors of 3013116?
2, 3, 193, 1301
List the prime factors of 7529528.
2, 31, 97, 313
List the prime factors of 11497048.
2, 311, 4621
What are the prime factors of 11385111?
3, 137, 27701
What are the prime factors of 6036383?
43, 140381
List the prime factors of 6529084.
2, 19, 85909
List the prime factors of 123725.
5, 7, 101
List the prime factors of 946489.
946489
What are the prime factors of 316985?
5, 63397
What are the prime factors of 9196349?
47, 389, 503
List the prime factors of 3626779.
13, 227, 1229
List the prime factors of 36553150.
2, 5, 19, 109, 353
List the prime factors of 673327.
673327
List the prime factors of 10697949.
3, 1188661
List the prime factors of 789936.
2, 3, 7, 2351
What are the prime factors of 30797305?
5, 7, 11, 167, 479
What are the prime factors of 227454?
2, 3, 167, 227
List the prime factors of 252163.
252163
What are the prime factors of 14119672?
2, 7, 89, 2833
What are the prime factors of 2224005?
3, 5, 7, 59, 359
List the prime factors of 317699.
19, 23, 727
What are the prime factors of 3236489?
3236489
What are the prime factors of 6060223?
13, 466171
What are the prime factors of 15088926?
2, 3, 19, 107, 1237
What are the prime factors of 5875611?
3, 7, 47, 5953
What are the prime factors of 10779718?
2, 1021, 5279
List the prime factors of 176513.
199, 887
What are the prime factors of 1237244?
2, 309311
What are the prime factors of 17277233?
1307, 13219
List the prime factors of 83570.
2, 5, 61, 137
List the prime factors of 792819.
3, 137, 643
What are the prime factors of 26072897?
26072897
List the prime factors of 325696.
2, 7, 727
What are the prime factors of 259875?
3, 5, 7, 11
What are the prime factors of 11915740?
2, 5, 61, 9767
What are the prime factors of 208029?
3, 17, 4079
List the prime factors of 730465.
5, 146093
What are the prime factors of 18924122?
2, 7, 491, 2753
What are the prime factors of 239898?
2, 3, 39983
List the prime factors of 2149067.
2149067
List the prime factors of 753752.
2, 94219
What are the prime factors of 16179160?
2, 5, 67, 6037
List the prime factors of 13778426.
2, 23, 47, 6373
List the prime factors of 3165927.
3, 17, 23, 2699
List the prime factors of 395895.
3, 5, 26393
List the prime factors of 6283238.
2, 13, 241663
List the prime factors of 2900637.
3, 53, 2027
List the prime factors of 2844647.
13, 218819
List the prime factors of 12696164.
2, 13, 244157
What are the prime factors of 23690809?
17, 1393577
List the prime factors of 2722609.
281, 9689
List the prime factors of 833924.
2, 7, 13, 29, 79
What are the prime factors of 220451?
7, 11, 409
What are the prime factors of 179754?
2, 3, 29959
What are the prime factors of 2480645?
5, 547, 907
What are the prime factors of 1055476?
2, 263869
What are the prime factors of 8308711?
881, 9431
List the prime factors of 217565.
5, 53, 821
List the prime factors of 14718098.
2, 41, 239, 751
What are the prime factors of 2773682?
2, 863, 1607
List the prime factors of 92070.
2, 3, 5, 11, 31